7
Suppose 2 - 8 = -2*s. What are the prime factors of s?
3
Suppose -14 = -4*o + 14. Let c = o + -3. What are the prime factors of c?
2
Let x(o) = -o**3 + 4*o**2 - 3*o + 2. Let z(p) = p + 9. Let u be z(-6). Let s be x(u). What are the prime factors of ((-12)/2 - s)*-1?
2
Suppose 2*u - 5*u = -21. List the prime factors of u.
7
Suppose -4*u + 210 = 5*l, -l + 4*u + 12 = -30. Suppose l = 4*s - 30. List the prime factors of s.
2, 3
Suppose 11*z - 1100 = -0*z. What are the prime factors of z?
2, 5
Let s(d) = -d**2 - 2*d - 6 + 0 - 9*d. Let i be s(-10). Suppose i*q - 2*t = -t + 28, 35 = 5*q - 2*t. What are the prime factors of q?
7
Suppose -4*l - 2*p = -60, 2*l - 5*p - 9 - 33 = 0. What are the prime factors of l?
2
Let v(q) = -q**3 + 7*q**2 + q - 2. What are the prime factors of v(7)?
5
Suppose h = 4*h - 318. List the prime factors of h.
2, 53
Let v(j) = -j**3 + j + 96. What are the prime factors of v(0)?
2, 3
What are the prime factors of (3 - 5)*-3 - 2?
2
Suppose -k - 7 = 5. Let u(y) = -7*y**2 - 1. Let v be u(-1). List the prime factors of (k/v)/(3/10).
5
Let s = 1 - 4. List the prime factors of s - (-20 - (0 + -2)).
3, 5
Let x(z) = z**3 + 4*z**2 + z - 2. Let i be x(-3). Suppose 0*s + 12 = -3*s, i*s = y - 19. Suppose y*d = -d + 64. List the prime factors of d.
2
Let p be (2 - 15/6)*-6. What are the prime factors of 3 - ((-21)/p - 0)?
2, 5
Suppose 0 = 5*x - 3*t - 19, -2*t - 18 = -5*x + 3. Suppose -w - 4*w + 79 = 3*h, -x*w = -5*h - 55. What are the prime factors of w?
2, 7
Let c = 41 + -29. Let y be (0 + -2)/1 - -2. Suppose -f + c = -y*f. List the prime factors of f.
2, 3
Let g = 16 - 31. What are the prime factors of 166/10 + 9/g?
2
Suppose -108 = a + 3*a. Let r = -19 - a. List the prime factors of r.
2
Suppose 0 = n - 6*n + 5*r - 10, 2*n = r - 1. Let d = 1 - n. Suppose 3*w + d*w + m - 15 = 0, 0 = -4*m - 12. What are the prime factors of w?
2, 3
Let p(c) be the first derivative of c**4/8 - c**3 + c**2/2 + 1. Let h(r) be the second derivative of p(r). List the prime factors of h(4).
2, 3
Let v(l) = -l**3 - 12*l**2 - 13*l - 2. Let o be v(-11). Let b = o + -8. What are the prime factors of b?
2, 3
Let u be (-32)/(-20)*10/4. Let g be ((-4)/(-3) - 2)*-3. Suppose 14 = g*h + u. List the prime factors of h.
5
What are the prime factors of 3 - (-5 + 2 + -84)?
2, 3, 5
Let y = 7 - 5. Let t(d) be the third derivative of d**5/30 + d**4/8 - d**3/2 + d**2. What are the prime factors of t(y)?
11
Let w = 5 + -9. Let u(j) = j**3 + 4*j**2 - 2*j - 6. Let k be u(w). Suppose -k*g = 7 - 43. List the prime factors of g.
2, 3
Let z be 0*3/12 - -3. List the prime factors of 0/(-6) + z*17.
3, 17
Let m = 131 - 43. What are the prime factors of m?
2, 11
Let x(u) be the second derivative of u**6/360 - u**5/24 + u**4/4 + u**3/3 + u. Let t(y) be the second derivative of x(y). List the prime factors of t(5).
2, 3
Let d = -6 + 16. Let w(r) = -r**2 + 12*r - 8. What are the prime factors of w(d)?
2, 3
Let m(b) = -1 + 3 + 10 - b. List the prime factors of m(6).
2, 3
List the prime factors of (2 - -1 - -1)/((-4)/(-106)).
2, 53
Suppose 2 = 4*o - 3*v, -5 + 1 = -2*v. Suppose 0 = o*j - j - 6. What are the prime factors of j?
2, 3
Suppose y = 15 + 10. List the prime factors of y.
5
Let s(f) = f**3 - f**2 - f + 4. Let k be s(0). Let q(p) = -p**3 - 3*p**2 + 4*p + 4. Let v be q(-4). Let d = v + k. What are the prime factors of d?
2
Let t(b) = b**2 + 7*b + 7. Suppose 8 = -z - 0. List the prime factors of t(z).
3, 5
Let x = 5 - -13. Suppose 3*p - 13 = -3*v + 4*p, 3*p + x = 2*v. Suppose -v*d = -0*d - 12. List the prime factors of d.
2
Let q be 0/(-1) - 4/(-2). Suppose -q*u + 17 = 1. List the prime factors of u.
2
Suppose -2*k + 116 = 2*k. What are the prime factors of k?
29
Suppose h = 2*t + 10, -5*h + 3*t = 1 - 37. List the prime factors of h.
2, 3
Suppose 0 = y - 5*y + 48. List the prime factors of (y/(-3))/(4/(-22)).
2, 11
Let k(i) = 6*i - 7. What are the prime factors of k(6)?
29
Suppose 5*z - u = u + 16, -17 = -z + 5*u. Let r(v) be the second derivative of v**4/6 - v**2 - 3*v. List the prime factors of r(z).
2, 3
Let n be (0 + 0)/(-2) + -2. Let a = n + 2. What are the prime factors of (-1)/(a - 3/18)?
2, 3
Let q be 21*1 - (11 + -14). Suppose -4*v + 0*v = -q. What are the prime factors of v?
2, 3
Let m = -6 + 4. Let s = 3 - m. Suppose s*d + 39 = 4*y, -y = y + 2*d - 42. List the prime factors of y.
2
Let z(c) = 2*c**2 + 3*c + 1. Let y be z(-2). Let w = 10 - y. List the prime factors of w.
7
Suppose -3 = -2*d + w - 2, 0 = 5*d + 3*w - 8. List the prime factors of -1 - d - (-28)/2.
2, 3
Let x = -6 + 7. Suppose 3*a - 8 = x. Suppose 100 = 5*j - c, 0*c + 2*c = -a*j + 47. List the prime factors of j.
19
Let l(q) = -10*q + 15. List the prime factors of l(-21).
3, 5
Suppose c = 5*c - 12. Suppose 2*x + 1 = r, c*x - 5*r + 29 = 5*x. Suppose 0 = 3*p - 5*y - 50, -72 = -4*p + x*y + 2*y. What are the prime factors of p?
2, 5
Let q = 236 - -3. List the prime factors of q.
239
List the prime factors of 8/(-20) + 447/5.
89
Let y be (20/6 - 2)*-6. Let q be (-210)/(-8) + 2/y. What are the prime factors of (q - -1)*(-1)/(-3)?
3
Suppose 45 = -9*t + 10*t. List the prime factors of t.
3, 5
Suppose 0 = 4*m - 46 + 2. Let x = m - 5. Let g = -4 + x. What are the prime factors of g?
2
Let c(n) = n**3 + 4*n**2 - 6*n - 6. Let v be c(-5). Let b be (v - -1)*(0 + -1). Suppose 38 = -b*g + 2*g. What are the prime factors of g?
19
Let l(u) = u**2 - 10*u + 11. Suppose 4*n - w - 11 = 0, 0 = 3*n + w + 3*w - 32. Suppose 65 = 5*k - 5*c, n*c = 2*k + 3*k - 61. What are the prime factors of l(k)?
2
Let t(s) be the third derivative of -s**5/30 - s**4/4 - 5*s**3/6 + 5*s**2. Let m(r) be the first derivative of t(r). List the prime factors of m(-4).
2, 5
Let t = 45 + -35. List the prime factors of t.
2, 5
Suppose x - 7 = -2*t, 2*t = 4*t + 5*x - 11. Suppose -2*f = -0*c - t*c, -5*c + 2*f + 4 = 0. What are the prime factors of (-40)/(-7) + c/7?
2, 3
Let n be 1127/9 - 10/45. Suppose 5*w + 0*w = n. List the prime factors of w.
5
Suppose 0 = 5*k - 1475 - 625. List the prime factors of k.
2, 3, 5, 7
Let c = 0 + 5. Let g = c + 6. List the prime factors of g.
11
Let l(o) = 5*o**2 - o - 1. What are the prime factors of l(-3)?
47
Suppose -4*r + 48 = 5*y, -4*y + 12 = r - 11. Suppose -5*t + 63 = -r. List the prime factors of t.
2, 7
Suppose 2*h = f - 5*f + 14, -2*f - 23 = -5*h. What are the prime factors of (30/(-9))/(f/(-12))?
2, 5
Suppose 2*d - 4*d + 5*l = 23, 4*d - 2*l + 86 = 0. Let s = 26 + d. What are the prime factors of s?
2
Let b(t) = t + 1. Let l be b(3). Suppose -8 = l*p, -2*d + 12 = -5*p - 0. List the prime factors of -22*d/2*-1.
11
Let r(o) = 10*o**3 + o**2 - 1. Let g be r(1). Suppose -126 = -5*v + 2*d, 4 = 2*d + g. What are the prime factors of v?
2, 3
Let v = 6 - 1. Let l = 0 + v. Suppose -4*k + 5*n + 3 = 2, -3*n = -k - l. What are the prime factors of k?
2
Suppose 0 = 3*m - 3, -4*c - 2*m + 22 + 92 = 0. What are the prime factors of c?
2, 7
List the prime factors of -7 - -5 - (-76 + 1).
73
Let m = -11 + 26. Suppose 3*j + 17 = -2*d + 6*d, 5*j = 4*d - m. What are the prime factors of d?
5
Suppose 3*x = 5*u + 9, 3*u - 2*u - 1 = 2*x. List the prime factors of 14 + -3 + (-1 - x).
2, 3
Let r(t) = -t**3 + 8*t**2 + 2*t - 12. What are the prime factors of r(8)?
2
Suppose -f + 2 = -4*a + 22, f = 2*a - 10. Suppose -2*p + 26 = -f*p. List the prime factors of p.
13
Suppose 0 = 3*m - j - 183, 4*j = -0*j - 12. List the prime factors of m.
2, 3, 5
Suppose 2*a + 22 + 8 = 3*k, a + 4 = -4*k. Let v = -7 - a. What are the prime factors of v?
5
Suppose 20 = 4*j + 4*m, -5*j + 7 = -4*m - 9. Suppose 0 = j*q - h - 44, -2*h + 5*h = q. List the prime factors of q.
2, 3
Let t = 0 - 0. Suppose -3*z + z + 4 = t. Suppose 0 = z*m - 7*m + 35. List the prime factors of m.
7
List the prime factors of (-4 - 2216)/(-6) + 0.
2, 5, 37
Suppose -5*z - 30 = -0*z. Let s = 7 + z. What are the prime factors of (-76)/(-4) - (1 + s)?
17
Suppose 2*p - 14 = -2*q, 5*p - 3*q - 11 = -0*q. Suppose -4*t = p, -r + t = 2*r + 11. What are the prime factors of 1 + 2 - r/(-4)?
2
Suppose 0 = 20*j - 22*j + 366. List the prime factors of j.
3, 61
Let y = 21 + -15. Let a = y + -3. What are the prime factors of a?
3
Let a be 41 - (-2 + 0) - 1. Suppose 33 + a = 5*t. List the prime factors of t.
3, 5
Let 